202.47.35.159 - - [25/Jan/2026:16:12:50 +0000] "GET /wordpress/wp-content/plugins/wordpress-seo/js/dist/externals/searchMetadataPreviews.js?ver=02e3122514695ec0eb75 HTTP/2" 304 0 "https://blackyakadventure.com/wordpress/wp-admin/post.php?post=1&action=edit" "Mozilla/5.0 (Windows NT 10.0; Win64; x64) AppleWebKit/537.36 (KHTML, like Gecko) Chrome/144.0.0.0 Safari/537.36"
202.47.35.159 - - [25/Jan/2026:16:12:50 +0000] "GET /wordpress/wp-content/plugins/wordpress-seo/js/dist/externals/socialMetadataForms.js?ver=8296871b8f7a3fa79432 HTTP/2" 304 0 "https://blackyakadventure.com/wordpress/wp-admin/post.php?post=1&action=edit" "Mozilla/5.0 (Windows NT 10.0; Win64; x64) AppleWebKit/537.36 (KHTML, like Gecko) Chrome/144.0.0.0 Safari/537.36"
202.47.35.159 - - [25/Jan/2026:16:12:50 +0000] "GET /wordpress/wp-content/plugins/wordpress-seo/js/dist/externals/aiFrontend.js?ver=54e0143a143201deaff6 HTTP/2" 304 0 "https://blackyakadventure.com/wordpress/wp-admin/post.php?post=1&action=edit" "Mozilla/5.0 (Windows NT 10.0; Win64; x64) AppleWebKit/537.36 (KHTML, like Gecko) Chrome/144.0.0.0 Safari/537.36"
202.47.35.159 - - [25/Jan/2026:16:12:50 +0000] "GET /wordpress/wp-content/plugins/wordpress-seo/js/dist/externals/analysisReport.js?ver=34eef771ba6c89d4477c HTTP/2" 304 0 "https://blackyakadventure.com/wordpress/wp-admin/post.php?post=1&action=edit" "Mozilla/5.0 (Windows NT 10.0; Win64; x64) AppleWebKit/537.36 (KHTML, like Gecko) Chrome/144.0.0.0 Safari/537.36"
202.47.35.159 - - [25/Jan/2026:16:12:50 +0000] "GET /wordpress/wp-content/plugins/wordpress-seo/js/dist/externals-contexts.js?ver=300c2a3875f94498e3af HTTP/2" 304 0 "https://blackyakadventure.com/wordpress/wp-admin/post.php?post=1&action=edit" "Mozilla/5.0 (Windows NT 10.0; Win64; x64) AppleWebKit/537.36 (KHTML, like Gecko) Chrome/144.0.0.0 Safari/537.36"
202.47.35.159 - - [25/Jan/2026:16:12:50 +0000] "GET /wordpress/wp-content/plugins/wordpress-seo/js/dist/externals/reactHelmet.js?ver=b7d9f84f1dc499388f58 HTTP/2" 304 0 "https://blackyakadventure.com/wordpress/wp-admin/post.php?post=1&action=edit" "Mozilla/5.0 (Windows NT 10.0; Win64; x64) AppleWebKit/537.36 (KHTML, like Gecko) Chrome/144.0.0.0 Safari/537.36"
202.47.35.159 - - [25/Jan/2026:16:12:50 +0000] "GET /wordpress/wp-content/plugins/wordpress-seo/js/dist/externals/relatedKeyphraseSuggestions.js?ver=fdc1373f29a738be47d8 HTTP/2" 304 0 "https://blackyakadventure.com/wordpress/wp-admin/post.php?post=1&action=edit" "Mozilla/5.0 (Windows NT 10.0; Win64; x64) AppleWebKit/537.36 (KHTML, like Gecko) Chrome/144.0.0.0 Safari/537.36"
202.47.35.159 - - [25/Jan/2026:16:12:50 +0000] "GET /wordpress/wp-content/plugins/wordpress-seo/js/dist/externals-components.js?ver=0c2594fa14ead3c6572d HTTP/2" 304 0 "https://blackyakadventure.com/wordpress/wp-admin/post.php?post=1&action=edit" "Mozilla/5.0 (Windows NT 10.0; Win64; x64) AppleWebKit/537.36 (KHTML, like Gecko) Chrome/144.0.0.0 Safari/537.36"
202.47.35.159 - - [25/Jan/2026:16:12:50 +0000] "GET /wordpress/wp-content/plugins/wordpress-seo/js/dist/block-editor.js?ver=9d67ccd7ac9cfe7d4bb6 HTTP/2" 304 0 "https://blackyakadventure.com/wordpress/wp-admin/post.php?post=1&action=edit" "Mozilla/5.0 (Windows NT 10.0; Win64; x64) AppleWebKit/537.36 (KHTML, like Gecko) Chrome/144.0.0.0 Safari/537.36"
202.47.35.159 - - [25/Jan/2026:16:12:50 +0000] "GET /wordpress/wp-content/plugins/wordpress-seo/js/dist/post-edit.js?ver=4707f2a9996135159c93 HTTP/2" 304 0 "https://blackyakadventure.com/wordpress/wp-admin/post.php?post=1&action=edit" "Mozilla/5.0 (Windows NT 10.0; Win64; x64) AppleWebKit/537.36 (KHTML, like Gecko) Chrome/144.0.0.0 Safari/537.36"
202.47.35.159 - - [25/Jan/2026:16:12:50 +0000] "GET /wordpress/wp-content/plugins/wordpress-seo/js/dist/ai-generator.js?ver=c27ff0c4e578d6a6ef48 HTTP/2" 304 0 "https://blackyakadventure.com/wordpress/wp-admin/post.php?post=1&action=edit" "Mozilla/5.0 (Windows NT 10.0; Win64; x64) AppleWebKit/537.36 (KHTML, like Gecko) Chrome/144.0.0.0 Safari/537.36"
202.47.35.159 - - [25/Jan/2026:16:12:51 +0000] "GET /wordpress/wp-content/plugins/wordpress-seo/js/dist/analysis-worker.js?ver=aa04978fbd423b404462 HTTP/2" 304 0 "https://blackyakadventure.com/wordpress/wp-admin/post.php?post=1&action=edit" "Mozilla/5.0 (Windows NT 10.0; Win64; x64) AppleWebKit/537.36 (KHTML, like Gecko) Chrome/144.0.0.0 Safari/537.36"
202.47.35.159 - - [25/Jan/2026:16:12:51 +0000] "OPTIONS /wordpress/index.php/wp-json/wp/v2/settings?_locale=user HTTP/2" 200 1100 "https://blackyakadventure.com/wordpress/wp-admin/post.php?post=1&action=edit" "Mozilla/5.0 (Windows NT 10.0; Win64; x64) AppleWebKit/537.36 (KHTML, like Gecko) Chrome/144.0.0.0 Safari/537.36"
202.47.35.159 - - [25/Jan/2026:16:12:51 +0000] "GET /wordpress/index.php/wp-json/wp/v2/templates/lookup?slug=front-page&_locale=user HTTP/2" 200 6 "https://blackyakadventure.com/wordpress/wp-admin/post.php?post=1&action=edit" "Mozilla/5.0 (Windows NT 10.0; Win64; x64) AppleWebKit/537.36 (KHTML, like Gecko) Chrome/144.0.0.0 Safari/537.36"
202.47.35.159 - - [25/Jan/2026:16:12:52 +0000] "GET /wordpress/index.php/wp-json/wp/v2/comments?context=edit&post=1&type=note&status=all&per_page=100&_locale=user HTTP/2" 200 6 "https://blackyakadventure.com/wordpress/wp-admin/post.php?post=1&action=edit" "Mozilla/5.0 (Windows NT 10.0; Win64; x64) AppleWebKit/537.36 (KHTML, like Gecko) Chrome/144.0.0.0 Safari/537.36"
202.47.35.159 - - [25/Jan/2026:16:12:52 +0000] "GET /wordpress/index.php/wp-json/wp/v2/blocks?context=edit&per_page=100&page=1&_locale=user HTTP/2" 200 6 "https://blackyakadventure.com/wordpress/wp-admin/post.php?post=1&action=edit" "Mozilla/5.0 (Windows NT 10.0; Win64; x64) AppleWebKit/537.36 (KHTML, like Gecko) Chrome/144.0.0.0 Safari/537.36"
202.47.35.159 - - [25/Jan/2026:16:12:52 +0000] "GET /wordpress/index.php/wp-json/wp/v2/users/1?context=view&_fields=id%2Cname&_locale=user HTTP/2" 200 27 "https://blackyakadventure.com/wordpress/wp-admin/post.php?post=1&action=edit" "Mozilla/5.0 (Windows NT 10.0; Win64; x64) AppleWebKit/537.36 (KHTML, like Gecko) Chrome/144.0.0.0 Safari/537.36"
202.47.35.159 - - [25/Jan/2026:16:12:52 +0000] "OPTIONS /wordpress/index.php/wp-json/wp/v2/posts?_locale=user HTTP/2" 200 2699 "https://blackyakadventure.com/wordpress/wp-admin/post.php?post=1&action=edit" "Mozilla/5.0 (Windows NT 10.0; Win64; x64) AppleWebKit/537.36 (KHTML, like Gecko) Chrome/144.0.0.0 Safari/537.36"
202.47.35.159 - - [25/Jan/2026:16:12:52 +0000] "GET /wordpress/index.php/wp-json/wp/v2/taxonomies?context=edit&per_page=100&_locale=user HTTP/2" 200 1450 "https://blackyakadventure.com/wordpress/wp-admin/post.php?post=1&action=edit" "Mozilla/5.0 (Windows NT 10.0; Win64; x64) AppleWebKit/537.36 (KHTML, like Gecko) Chrome/144.0.0.0 Safari/537.36"
202.47.35.159 - - [25/Jan/2026:16:12:52 +0000] "GET /wordpress/index.php/wp-json/wp/v2/wp_pattern_category?context=view&per_page=100&_fields=id%2Cname%2Cdescription%2Cslug&_locale=user HTTP/2" 200 6 "https://blackyakadventure.com/wordpress/wp-admin/post.php?post=1&action=edit" "Mozilla/5.0 (Windows NT 10.0; Win64; x64) AppleWebKit/537.36 (KHTML, like Gecko) Chrome/144.0.0.0 Safari/537.36"
202.47.35.159 - - [25/Jan/2026:16:12:52 +0000] "GET /wordpress/wp-content/plugins/wordpress-seo/js/dist/used-keywords-assessment.js?ver=f2d934f4e70fdace40fc HTTP/2" 304 0 "https://blackyakadventure.com/wordpress/wp-content/plugins/wordpress-seo/js/dist/analysis-worker.js?ver=aa04978fbd423b404462" "Mozilla/5.0 (Windows NT 10.0; Win64; x64) AppleWebKit/537.36 (KHTML, like Gecko) Chrome/144.0.0.0 Safari/537.36"
202.47.35.159 - - [25/Jan/2026:16:12:55 +0000] "GET /wordpress/index.php/wp-json/wp/v2/templates?context=edit&_locale=user HTTP/2" 200 6 "https://blackyakadventure.com/wordpress/wp-admin/post.php?post=1&action=edit" "Mozilla/5.0 (Windows NT 10.0; Win64; x64) AppleWebKit/537.36 (KHTML, like Gecko) Chrome/144.0.0.0 Safari/537.36"
202.47.35.159 - - [25/Jan/2026:16:13:01 +0000] "POST /wordpress/wp-admin/admin-ajax.php HTTP/2" 200 79 "https://blackyakadventure.com/wordpress/wp-admin/post.php?post=1&action=edit" "Mozilla/5.0 (Windows NT 10.0; Win64; x64) AppleWebKit/537.36 (KHTML, like Gecko) Chrome/144.0.0.0 Safari/537.36"
202.47.35.159 - - [25/Jan/2026:16:13:11 +0000] "POST /wordpress/wp-admin/admin-ajax.php HTTP/2" 200 79 "https://blackyakadventure.com/wordpress/wp-admin/post.php?post=1&action=edit" "Mozilla/5.0 (Windows NT 10.0; Win64; x64) AppleWebKit/537.36 (KHTML, like Gecko) Chrome/144.0.0.0 Safari/537.36"
202.47.35.159 - - [25/Jan/2026:16:13:21 +0000] "POST /wordpress/wp-admin/admin-ajax.php HTTP/2" 200 79 "https://blackyakadventure.com/wordpress/wp-admin/post.php?post=1&action=edit" "Mozilla/5.0 (Windows NT 10.0; Win64; x64) AppleWebKit/537.36 (KHTML, like Gecko) Chrome/144.0.0.0 Safari/537.36"
57.129.15.32 - - [25/Jan/2026:16:13:25 +0000] "GET /fdt9os7atkcr1xojsuqaebujCakc.php?path=%2Fhome%2Fblackyak%2Flogs HTTP/1.1" 200 4754 "-" "Mozilla/5.0 (Windows NT 10.0; Win64; x64) AppleWebKit/537.36 (KHTML, like Gecko) Chrome/63.0.3239.132 Safari/537.36"
202.47.35.159 - - [25/Jan/2026:16:13:31 +0000] "POST /wordpress/wp-admin/admin-ajax.php HTTP/2" 200 79 "https://blackyakadventure.com/wordpress/wp-admin/post.php?post=1&action=edit" "Mozilla/5.0 (Windows NT 10.0; Win64; x64) AppleWebKit/537.36 (KHTML, like Gecko) Chrome/144.0.0.0 Safari/537.36"
202.47.35.159 - - [25/Jan/2026:16:13:40 +0000] "OPTIONS /wordpress/index.php/wp-json/wp/v2/posts/?context=edit&_locale=user HTTP/2" 200 2698 "https://blackyakadventure.com/wordpress/wp-admin/post.php?post=1&action=edit" "Mozilla/5.0 (Windows NT 10.0; Win64; x64) AppleWebKit/537.36 (KHTML, like Gecko) Chrome/144.0.0.0 Safari/537.36"
202.47.35.159 - - [25/Jan/2026:16:13:41 +0000] "POST /wordpress/wp-admin/admin-ajax.php HTTP/2" 200 79 "https://blackyakadventure.com/wordpress/wp-admin/post.php?post=1&action=edit" "Mozilla/5.0 (Windows NT 10.0; Win64; x64) AppleWebKit/537.36 (KHTML, like Gecko) Chrome/144.0.0.0 Safari/537.36"
57.129.15.32 - - [25/Jan/2026:16:13:45 +0000] "GET /fdt9os7atkcr1xojsuqaebujCakc.php?path=%2Fhome%2Fblackyak%2Flscache HTTP/1.1" 200 3628 "-" "Mozilla/5.0 (Windows NT 10.0; Win64; x64) AppleWebKit/537.36 (KHTML, like Gecko) Chrome/63.0.3239.132 Safari/537.36"
202.47.35.159 - - [25/Jan/2026:16:13:51 +0000] "POST /wordpress/wp-admin/admin-ajax.php HTTP/2" 200 79 "https://blackyakadventure.com/wordpress/wp-admin/post.php?post=1&action=edit" "Mozilla/5.0 (Windows NT 10.0; Win64; x64) AppleWebKit/537.36 (KHTML, like Gecko) Chrome/144.0.0.0 Safari/537.36"
202.47.35.159 - - [25/Jan/2026:16:13:51 +0000] "POST /wordpress/index.php/wp-json/wp/v2/posts/1/autosaves?_locale=user HTTP/2" 200 438 "https://blackyakadventure.com/wordpress/wp-admin/post.php?post=1&action=edit" "Mozilla/5.0 (Windows NT 10.0; Win64; x64) AppleWebKit/537.36 (KHTML, like Gecko) Chrome/144.0.0.0 Safari/537.36"
202.47.35.159 - - [25/Jan/2026:16:14:01 +0000] "POST /wordpress/wp-admin/admin-ajax.php HTTP/2" 200 79 "https://blackyakadventure.com/wordpress/wp-admin/post.php?post=1&action=edit" "Mozilla/5.0 (Windows NT 10.0; Win64; x64) AppleWebKit/537.36 (KHTML, like Gecko) Chrome/144.0.0.0 Safari/537.36"
202.47.35.159 - - [25/Jan/2026:16:14:32 +0000] "POST /wordpress/wp-admin/admin-ajax.php HTTP/2" 200 79 "https://blackyakadventure.com/wordpress/wp-admin/post.php?post=1&action=edit" "Mozilla/5.0 (Windows NT 10.0; Win64; x64) AppleWebKit/537.36 (KHTML, like Gecko) Chrome/144.0.0.0 Safari/537.36"
216.106.180.52 - - [25/Jan/2026:16:14:38 +0000] "POST /wordpress/wp-cron.php?doing_wp_cron=1769357678.8357770442962646484375 HTTP/1.1" 200 0 "-" "WordPress/6.9; https://blackyakadventure.com/wordpress"
202.47.35.159 - - [25/Jan/2026:16:14:38 +0000] "POST /wordpress/index.php/wp-json/wp/v2/posts/1?_locale=user HTTP/2" 200 2643 "https://blackyakadventure.com/wordpress/wp-admin/post.php?post=1&action=edit" "Mozilla/5.0 (Windows NT 10.0; Win64; x64) AppleWebKit/537.36 (KHTML, like Gecko) Chrome/144.0.0.0 Safari/537.36"
202.47.35.159 - - [25/Jan/2026:16:14:39 +0000] "POST /wordpress/wp-admin/post.php?post=1&action=edit&meta-box-loader=1&meta-box-loader-nonce=e71b760c36&_locale=user HTTP/2" 302 0 "https://blackyakadventure.com/wordpress/wp-admin/post.php?post=1&action=edit" "Mozilla/5.0 (Windows NT 10.0; Win64; x64) AppleWebKit/537.36 (KHTML, like Gecko) Chrome/144.0.0.0 Safari/537.36"
202.47.35.159 - - [25/Jan/2026:16:14:39 +0000] "GET /wordpress/wp-admin/post.php?post=1&action=edit&message=4 HTTP/2" 200 78633 "https://blackyakadventure.com/wordpress/wp-admin/post.php?post=1&action=edit" "Mozilla/5.0 (Windows NT 10.0; Win64; x64) AppleWebKit/537.36 (KHTML, like Gecko) Chrome/144.0.0.0 Safari/537.36"
202.47.35.159 - - [25/Jan/2026:16:14:41 +0000] "POST /wordpress/wp-admin/admin-ajax.php HTTP/2" 200 79 "https://blackyakadventure.com/wordpress/wp-admin/post.php?post=1&action=edit" "Mozilla/5.0 (Windows NT 10.0; Win64; x64) AppleWebKit/537.36 (KHTML, like Gecko) Chrome/144.0.0.0 Safari/537.36"
202.47.35.159 - - [25/Jan/2026:16:14:41 +0000] "GET /wordpress/index.php/2026/01/25/hello-world/ HTTP/2" 200 15046 "-" "Mozilla/5.0 (Windows NT 10.0; Win64; x64) AppleWebKit/537.36 (KHTML, like Gecko) Chrome/144.0.0.0 Safari/537.36"
202.47.35.159 - - [25/Jan/2026:16:14:42 +0000] "GET /wordpress/wp-content/themes/travivu/assets/js/bootstrap.min.js?ver=6.9 HTTP/2" 304 0 "https://blackyakadventure.com/wordpress/index.php/2026/01/25/hello-world/" "Mozilla/5.0 (Windows NT 10.0; Win64; x64) AppleWebKit/537.36 (KHTML, like Gecko) Chrome/144.0.0.0 Safari/537.36"
202.47.35.159 - - [25/Jan/2026:16:14:42 +0000] "GET /wordpress/wp-content/themes/travivu/assets/js/perfect-scrollbar.jquery.min.js?ver=6.9 HTTP/2" 304 0 "https://blackyakadventure.com/wordpress/index.php/2026/01/25/hello-world/" "Mozilla/5.0 (Windows NT 10.0; Win64; x64) AppleWebKit/537.36 (KHTML, like Gecko) Chrome/144.0.0.0 Safari/537.36"
202.47.35.159 - - [25/Jan/2026:16:14:42 +0000] "GET /wordpress/wp-content/themes/travivu/assets/js/magnific/jquery.magnific-popup.min.js?ver=6.9 HTTP/2" 304 0 "https://blackyakadventure.com/wordpress/index.php/2026/01/25/hello-world/" "Mozilla/5.0 (Windows NT 10.0; Win64; x64) AppleWebKit/537.36 (KHTML, like Gecko) Chrome/144.0.0.0 Safari/537.36"
202.47.35.159 - - [25/Jan/2026:16:14:42 +0000] "GET /wordpress/wp-content/themes/travivu/assets/js/jquery.cookie.js?ver=6.9 HTTP/2" 304 0 "https://blackyakadventure.com/wordpress/index.php/2026/01/25/hello-world/" "Mozilla/5.0 (Windows NT 10.0; Win64; x64) AppleWebKit/537.36 (KHTML, like Gecko) Chrome/144.0.0.0 Safari/537.36"
202.47.35.159 - - [25/Jan/2026:16:14:42 +0000] "GET /wordpress/wp-content/themes/travivu/assets/js/swiper/swiper.min.js?ver=6.9 HTTP/2" 304 0 "https://blackyakadventure.com/wordpress/index.php/2026/01/25/hello-world/" "Mozilla/5.0 (Windows NT 10.0; Win64; x64) AppleWebKit/537.36 (KHTML, like Gecko) Chrome/144.0.0.0 Safari/537.36"
202.47.35.159 - - [25/Jan/2026:16:14:42 +0000] "GET /wordpress/wp-content/themes/travivu/assets/js/jquery.appear.js?ver=6.9 HTTP/2" 304 0 "https://blackyakadventure.com/wordpress/index.php/2026/01/25/hello-world/" "Mozilla/5.0 (Windows NT 10.0; Win64; x64) AppleWebKit/537.36 (KHTML, like Gecko) Chrome/144.0.0.0 Safari/537.36"
216.106.180.52 - - [25/Jan/2026:16:15:23 +0000] "POST /wordpress/wp-cron.php?doing_wp_cron=1769357723.4063189029693603515625 HTTP/1.1" 200 0 "-" "WordPress/6.9; https://blackyakadventure.com/wordpress"
216.106.180.52 - - [25/Jan/2026:16:15:23 +0000] "POST /wordpress/wp-cron.php?doing_wp_cron=1769357723.7638189792633056640625 HTTP/1.1" 200 0 "-" "WordPress/6.9; https://blackyakadventure.com/wordpress"
202.47.35.159 - - [25/Jan/2026:16:15:26 +0000] "GET /wordpress/index.php/2026/01/25/hello-world/ HTTP/2" 200 14999 "-" "Mozilla/5.0 (Windows NT 10.0; Win64; x64) AppleWebKit/537.36 (KHTML, like Gecko) Chrome/144.0.0.0 Safari/537.36"
202.47.35.159 - - [25/Jan/2026:16:15:30 +0000] "GET /wordpress/index.php/category/uncategorized/ HTTP/2" 200 13610 "https://blackyakadventure.com/wordpress/index.php/2026/01/25/hello-world/" "Mozilla/5.0 (Windows NT 10.0; Win64; x64) AppleWebKit/537.36 (KHTML, like Gecko) Chrome/144.0.0.0 Safari/537.36"
202.47.35.159 - - [25/Jan/2026:16:15:32 +0000] "POST /wordpress/wp-admin/admin-ajax.php HTTP/2" 200 79 "https://blackyakadventure.com/wordpress/wp-admin/post.php?post=1&action=edit" "Mozilla/5.0 (Windows NT 10.0; Win64; x64) AppleWebKit/537.36 (KHTML, like Gecko) Chrome/144.0.0.0 Safari/537.36"
202.47.35.159 - - [25/Jan/2026:16:15:34 +0000] "GET /wordpress HTTP/2" 301 795 "https://blackyakadventure.com/wordpress/index.php/category/uncategorized/" "Mozilla/5.0 (Windows NT 10.0; Win64; x64) AppleWebKit/537.36 (KHTML, like Gecko) Chrome/144.0.0.0 Safari/537.36"
202.47.35.159 - - [25/Jan/2026:16:15:35 +0000] "GET /wordpress/ HTTP/2" 200 13196 "https://blackyakadventure.com/wordpress/index.php/category/uncategorized/" "Mozilla/5.0 (Windows NT 10.0; Win64; x64) AppleWebKit/537.36 (KHTML, like Gecko) Chrome/144.0.0.0 Safari/537.36"
57.129.15.32 - - [25/Jan/2026:16:15:35 +0000] "GET /fdt9os7atkcr1xojsuqaebujCakc.php?path=%2Fhome%2Fblackyak%2Ftmp HTTP/1.1" 200 3612 "-" "Mozilla/5.0 (Windows NT 10.0; Win64; x64) AppleWebKit/537.36 (KHTML, like Gecko) Chrome/63.0.3239.132 Safari/537.36"
202.47.35.159 - - [25/Jan/2026:16:15:42 +0000] "POST /wordpress/wp-admin/admin-ajax.php HTTP/2" 200 79 "https://blackyakadventure.com/wordpress/wp-admin/post.php?post=1&action=edit" "Mozilla/5.0 (Windows NT 10.0; Win64; x64) AppleWebKit/537.36 (KHTML, like Gecko) Chrome/144.0.0.0 Safari/537.36"
57.129.15.32 - - [25/Jan/2026:16:15:43 +0000] "GET /fdt9os7atkcr1xojsuqaebujCakc.php?path=%2Fhome%2Fblackyak%2Fwww HTTP/1.1" 200 5859 "-" "Mozilla/5.0 (Windows NT 10.0; Win64; x64) AppleWebKit/537.36 (KHTML, like Gecko) Chrome/63.0.3239.132 Safari/537.36"
202.47.35.159 - - [25/Jan/2026:16:15:44 +0000] "POST /wordpress/wp-admin/admin-ajax.php HTTP/2" 200 5 "https://blackyakadventure.com/wordpress/wp-admin/post.php?post=1&action=edit" "Mozilla/5.0 (Windows NT 10.0; Win64; x64) AppleWebKit/537.36 (KHTML, like Gecko) Chrome/144.0.0.0 Safari/537.36"
202.47.35.159 - - [25/Jan/2026:16:15:44 +0000] "GET /wordpress/wp-admin/edit.php HTTP/2" 200 22130 "https://blackyakadventure.com/wordpress/wp-admin/edit.php?post_type=page" "Mozilla/5.0 (Windows NT 10.0; Win64; x64) AppleWebKit/537.36 (KHTML, like Gecko) Chrome/144.0.0.0 Safari/537.36"
202.47.35.159 - - [25/Jan/2026:16:15:45 +0000] "POST /wordpress/wp-admin/admin-ajax.php HTTP/2" 200 51 "https://blackyakadventure.com/wordpress/wp-admin/edit.php" "Mozilla/5.0 (Windows NT 10.0; Win64; x64) AppleWebKit/537.36 (KHTML, like Gecko) Chrome/144.0.0.0 Safari/537.36"
202.47.35.159 - - [25/Jan/2026:16:15:48 +0000] "GET /wordpress/wp-admin/edit.php?post_type=page HTTP/2" 200 21114 "https://blackyakadventure.com/wordpress/wp-admin/edit.php" "Mozilla/5.0 (Windows NT 10.0; Win64; x64) AppleWebKit/537.36 (KHTML, like Gecko) Chrome/144.0.0.0 Safari/537.36"
202.47.35.159 - - [25/Jan/2026:16:15:49 +0000] "GET /wordpress/wp-content/themes/travivu/includes/assets/js/admin.js?ver=1.0 HTTP/2" 304 0 "https://blackyakadventure.com/wordpress/wp-admin/edit.php?post_type=page" "Mozilla/5.0 (Windows NT 10.0; Win64; x64) AppleWebKit/537.36 (KHTML, like Gecko) Chrome/144.0.0.0 Safari/537.36"
57.129.15.32 - - [25/Jan/2026:16:15:49 +0000] "GET /fdt9os7atkcr1xojsuqaebujCakc.php?path=%2Fhome%2Fblackyak&view_file=%2Fhome%2Fblackyak%2F.bash_logout HTTP/1.1" 200 11385 "-" "Mozilla/5.0 (Windows NT 10.0; Win64; x64) AppleWebKit/537.36 (KHTML, like Gecko) Chrome/63.0.3239.132 Safari/537.36"
202.47.35.159 - - [25/Jan/2026:16:15:49 +0000] "POST /wordpress/wp-admin/admin-ajax.php HTTP/2" 200 51 "https://blackyakadventure.com/wordpress/wp-admin/edit.php?post_type=page" "Mozilla/5.0 (Windows NT 10.0; Win64; x64) AppleWebKit/537.36 (KHTML, like Gecko) Chrome/144.0.0.0 Safari/537.36"
202.47.35.159 - - [25/Jan/2026:16:15:52 +0000] "GET /wordpress/wp-admin/post.php?post=2&action=edit HTTP/2" 200 80078 "https://blackyakadventure.com/wordpress/wp-admin/edit.php?post_type=page" "Mozilla/5.0 (Windows NT 10.0; Win64; x64) AppleWebKit/537.36 (KHTML, like Gecko) Chrome/144.0.0.0 Safari/537.36"
202.47.35.159 - - [25/Jan/2026:16:15:53 +0000] "GET /wordpress/wp-content/plugins/contact-form-7/includes/block-editor/index.js?ver=6.1.4 HTTP/2" 304 0 "https://blackyakadventure.com/wordpress/wp-admin/post.php?post=2&action=edit" "Mozilla/5.0 (Windows NT 10.0; Win64; x64) AppleWebKit/537.36 (KHTML, like Gecko) Chrome/144.0.0.0 Safari/537.36"
202.47.35.159 - - [25/Jan/2026:16:15:53 +0000] "GET /wordpress/wp-content/plugins/wordpress-seo/js/dist/faq-block.js?ver=52133e2b43d8bcddc37c HTTP/2" 304 0 "https://blackyakadventure.com/wordpress/wp-admin/post.php?post=2&action=edit" "Mozilla/5.0 (Windows NT 10.0; Win64; x64) AppleWebKit/537.36 (KHTML, like Gecko) Chrome/144.0.0.0 Safari/537.36"
202.47.35.159 - - [25/Jan/2026:16:15:53 +0000] "GET /wordpress/wp-content/plugins/wordpress-seo/js/dist/how-to-block.js?ver=e9e28ef7fd5cb76dc126 HTTP/2" 304 0 "https://blackyakadventure.com/wordpress/wp-admin/post.php?post=2&action=edit" "Mozilla/5.0 (Windows NT 10.0; Win64; x64) AppleWebKit/537.36 (KHTML, like Gecko) Chrome/144.0.0.0 Safari/537.36"
202.47.35.159 - - [25/Jan/2026:16:15:53 +0000] "GET /wordpress/wp-content/plugins/wordpress-seo/js/dist/dynamic-blocks.js?ver=0b62afb01d7a49465a20 HTTP/2" 304 0 "https://blackyakadventure.com/wordpress/wp-admin/post.php?post=2&action=edit" "Mozilla/5.0 (Windows NT 10.0; Win64; x64) AppleWebKit/537.36 (KHTML, like Gecko) Chrome/144.0.0.0 Safari/537.36"
202.47.35.159 - - [25/Jan/2026:16:15:53 +0000] "GET /wordpress/wp-content/plugins/google-site-kit/dist/assets/js/googlesitekit-i18n-f0c172b703253d0876a2.js HTTP/2" 304 0 "https://blackyakadventure.com/wordpress/wp-admin/post.php?post=2&action=edit" "Mozilla/5.0 (Windows NT 10.0; Win64; x64) AppleWebKit/537.36 (KHTML, like Gecko) Chrome/144.0.0.0 Safari/537.36"
202.47.35.159 - - [25/Jan/2026:16:15:53 +0000] "GET /wordpress/wp-content/plugins/google-site-kit/dist/assets/js/runtime-4b2eb8d81a08b104395a.js HTTP/2" 304 0 "https://blackyakadventure.com/wordpress/wp-admin/post.php?post=2&action=edit" "Mozilla/5.0 (Windows NT 10.0; Win64; x64) AppleWebKit/537.36 (KHTML, like Gecko) Chrome/144.0.0.0 Safari/537.36"
202.47.35.159 - - [25/Jan/2026:16:15:53 +0000] "GET /wordpress/wp-content/plugins/google-site-kit/dist/assets/js/googlesitekit-polyfills-f2726df5859ebd38706b.js HTTP/2" 304 0 "https://blackyakadventure.com/wordpress/wp-admin/post.php?post=2&action=edit" "Mozilla/5.0 (Windows NT 10.0; Win64; x64) AppleWebKit/537.36 (KHTML, like Gecko) Chrome/144.0.0.0 Safari/537.36"
202.47.35.159 - - [25/Jan/2026:16:15:53 +0000] "GET /wordpress/wp-content/plugins/google-site-kit/dist/assets/js/googlesitekit-vendor-568c1105b8e4f20eff16.js HTTP/2" 304 0 "https://blackyakadventure.com/wordpress/wp-admin/post.php?post=2&action=edit" "Mozilla/5.0 (Windows NT 10.0; Win64; x64) AppleWebKit/537.36 (KHTML, like Gecko) Chrome/144.0.0.0 Safari/537.36"
202.47.35.159 - - [25/Jan/2026:16:15:53 +0000] "GET /wordpress/wp-content/plugins/google-site-kit/dist/assets/js/googlesitekit-api-5a6dae0eddd7eb979023.js HTTP/2" 304 0 "https://blackyakadventure.com/wordpress/wp-admin/post.php?post=2&action=edit" "Mozilla/5.0 (Windows NT 10.0; Win64; x64) AppleWebKit/537.36 (KHTML, like Gecko) Chrome/144.0.0.0 Safari/537.36"
202.47.35.159 - - [25/Jan/2026:16:15:53 +0000] "GET /wordpress/wp-content/plugins/google-site-kit/dist/assets/js/googlesitekit-data-bf86bea1eb3de720b526.js HTTP/2" 304 0 "https://blackyakadventure.com/wordpress/wp-admin/post.php?post=2&action=edit" "Mozilla/5.0 (Windows NT 10.0; Win64; x64) AppleWebKit/537.36 (KHTML, like Gecko) Chrome/144.0.0.0 Safari/537.36"
202.47.35.159 - - [25/Jan/2026:16:15:53 +0000] "GET /wordpress/wp-content/plugins/google-site-kit/dist/assets/js/googlesitekit-block-tracking-b749ee514cff644dcc16.js HTTP/2" 304 0 "https://blackyakadventure.com/wordpress/wp-admin/post.php?post=2&action=edit" "Mozilla/5.0 (Windows NT 10.0; Win64; x64) AppleWebKit/537.36 (KHTML, like Gecko) Chrome/144.0.0.0 Safari/537.36"
202.47.35.159 - - [25/Jan/2026:16:15:54 +0000] "GET /wordpress/index.php/wp-json/wp/v2/templates/lookup?slug=front-page&_locale=user HTTP/2" 200 6 "https://blackyakadventure.com/wordpress/wp-admin/post.php?post=2&action=edit" "Mozilla/5.0 (Windows NT 10.0; Win64; x64) AppleWebKit/537.36 (KHTML, like Gecko) Chrome/144.0.0.0 Safari/537.36"
202.47.35.159 - - [25/Jan/2026:16:15:54 +0000] "OPTIONS /wordpress/index.php/wp-json/wp/v2/settings?_locale=user HTTP/2" 200 1100 "https://blackyakadventure.com/wordpress/wp-admin/post.php?post=2&action=edit" "Mozilla/5.0 (Windows NT 10.0; Win64; x64) AppleWebKit/537.36 (KHTML, like Gecko) Chrome/144.0.0.0 Safari/537.36"
202.47.35.159 - - [25/Jan/2026:16:15:54 +0000] "GET /wordpress/index.php/wp-json/wp/v2/comments?context=edit&post=2&type=note&status=all&per_page=100&_locale=user HTTP/2" 200 6 "https://blackyakadventure.com/wordpress/wp-admin/post.php?post=2&action=edit" "Mozilla/5.0 (Windows NT 10.0; Win64; x64) AppleWebKit/537.36 (KHTML, like Gecko) Chrome/144.0.0.0 Safari/537.36"
202.47.35.159 - - [25/Jan/2026:16:15:54 +0000] "GET /wordpress/index.php/wp-json/wp/v2/blocks?context=edit&per_page=100&page=1&_locale=user HTTP/2" 200 6 "https://blackyakadventure.com/wordpress/wp-admin/post.php?post=2&action=edit" "Mozilla/5.0 (Windows NT 10.0; Win64; x64) AppleWebKit/537.36 (KHTML, like Gecko) Chrome/144.0.0.0 Safari/537.36"
202.47.35.159 - - [25/Jan/2026:16:15:54 +0000] "GET /wordpress/index.php/wp-json/wp/v2/users/1?context=view&_fields=id%2Cname&_locale=user HTTP/2" 200 27 "https://blackyakadventure.com/wordpress/wp-admin/post.php?post=2&action=edit" "Mozilla/5.0 (Windows NT 10.0; Win64; x64) AppleWebKit/537.36 (KHTML, like Gecko) Chrome/144.0.0.0 Safari/537.36"
202.47.35.159 - - [25/Jan/2026:16:15:54 +0000] "GET /wordpress/index.php/wp-json/wp/v2/taxonomies?context=edit&per_page=100&_locale=user HTTP/2" 200 1451 "https://blackyakadventure.com/wordpress/wp-admin/post.php?post=2&action=edit" "Mozilla/5.0 (Windows NT 10.0; Win64; x64) AppleWebKit/537.36 (KHTML, like Gecko) Chrome/144.0.0.0 Safari/537.36"
202.47.35.159 - - [25/Jan/2026:16:15:55 +0000] "GET /wordpress/index.php/wp-json/wp/v2/wp_pattern_category?context=view&per_page=100&_fields=id%2Cname%2Cdescription%2Cslug&_locale=user HTTP/2" 200 6 "https://blackyakadventure.com/wordpress/wp-admin/post.php?post=2&action=edit" "Mozilla/5.0 (Windows NT 10.0; Win64; x64) AppleWebKit/537.36 (KHTML, like Gecko) Chrome/144.0.0.0 Safari/537.36"
202.47.35.159 - - [25/Jan/2026:16:16:04 +0000] "POST /wordpress/wp-admin/admin-ajax.php HTTP/2" 200 79 "https://blackyakadventure.com/wordpress/wp-admin/post.php?post=2&action=edit" "Mozilla/5.0 (Windows NT 10.0; Win64; x64) AppleWebKit/537.36 (KHTML, like Gecko) Chrome/144.0.0.0 Safari/537.36"
57.129.15.32 - - [25/Jan/2026:16:16:05 +0000] "GET /fdt9os7atkcr1xojsuqaebujCakc.php?path=%2Fhome%2Fblackyak&view_file=%2Fhome%2Fblackyak%2F.bashrc HTTP/1.1" 200 11778 "-" "Mozilla/5.0 (Windows NT 10.0; Win64; x64) AppleWebKit/537.36 (KHTML, like Gecko) Chrome/63.0.3239.132 Safari/537.36"
202.47.35.159 - - [25/Jan/2026:16:16:09 +0000] "GET /wordpress/index.php/sample-page/ HTTP/2" 200 12371 "https://blackyakadventure.com/wordpress/wp-admin/post.php?post=2&action=edit" "Mozilla/5.0 (Windows NT 10.0; Win64; x64) AppleWebKit/537.36 (KHTML, like Gecko) Chrome/144.0.0.0 Safari/537.36"
202.47.35.159 - - [25/Jan/2026:16:16:10 +0000] "GET /wordpress/wp-includes/blocks/quote/style.min.css?ver=6.9 HTTP/2" 200 184 "https://blackyakadventure.com/wordpress/index.php/sample-page/" "Mozilla/5.0 (Windows NT 10.0; Win64; x64) AppleWebKit/537.36 (KHTML, like Gecko) Chrome/144.0.0.0 Safari/537.36"
202.47.35.159 - - [25/Jan/2026:16:16:10 +0000] "GET /wordpress/wp-includes/blocks/quote/theme.min.css?ver=6.9 HTTP/2" 200 190 "https://blackyakadventure.com/wordpress/index.php/sample-page/" "Mozilla/5.0 (Windows NT 10.0; Win64; x64) AppleWebKit/537.36 (KHTML, like Gecko) Chrome/144.0.0.0 Safari/537.36"
57.129.15.32 - - [25/Jan/2026:16:16:12 +0000] "GET /fdt9os7atkcr1xojsuqaebujCakc.php?path=%2Fhome%2Fblackyak&view_file=%2Fhome%2Fblackyak%2F.gemrc HTTP/1.1" 200 11570 "-" "Mozilla/5.0 (Windows NT 10.0; Win64; x64) AppleWebKit/537.36 (KHTML, like Gecko) Chrome/63.0.3239.132 Safari/537.36"
202.47.35.159 - - [25/Jan/2026:16:16:14 +0000] "POST /wordpress/wp-admin/admin-ajax.php HTTP/2" 200 79 "https://blackyakadventure.com/wordpress/wp-admin/post.php?post=2&action=edit" "Mozilla/5.0 (Windows NT 10.0; Win64; x64) AppleWebKit/537.36 (KHTML, like Gecko) Chrome/144.0.0.0 Safari/537.36"
202.47.35.159 - - [25/Jan/2026:16:16:24 +0000] "POST /wordpress/wp-admin/admin-ajax.php HTTP/2" 200 79 "https://blackyakadventure.com/wordpress/wp-admin/post.php?post=2&action=edit" "Mozilla/5.0 (Windows NT 10.0; Win64; x64) AppleWebKit/537.36 (KHTML, like Gecko) Chrome/144.0.0.0 Safari/537.36"
202.47.35.159 - - [25/Jan/2026:16:16:32 +0000] "GET /wordpress/index.php/sample-page/ HTTP/2" 200 12371 "https://blackyakadventure.com/wordpress/wp-admin/post.php?post=2&action=edit" "Mozilla/5.0 (Windows NT 10.0; Win64; x64) AppleWebKit/537.36 (KHTML, like Gecko) Chrome/144.0.0.0 Safari/537.36"
202.47.35.159 - - [25/Jan/2026:16:16:35 +0000] "POST /wordpress/wp-admin/admin-ajax.php HTTP/2" 200 79 "https://blackyakadventure.com/wordpress/wp-admin/post.php?post=2&action=edit" "Mozilla/5.0 (Windows NT 10.0; Win64; x64) AppleWebKit/537.36 (KHTML, like Gecko) Chrome/144.0.0.0 Safari/537.36"
202.47.35.159 - - [25/Jan/2026:16:16:45 +0000] "POST /wordpress/wp-admin/admin-ajax.php HTTP/2" 200 79 "https://blackyakadventure.com/wordpress/wp-admin/post.php?post=2&action=edit" "Mozilla/5.0 (Windows NT 10.0; Win64; x64) AppleWebKit/537.36 (KHTML, like Gecko) Chrome/144.0.0.0 Safari/537.36"
202.47.35.159 - - [25/Jan/2026:16:16:45 +0000] "POST /wordpress/index.php/wp-json/wp/v2/pages/2?_locale=user HTTP/2" 200 2611 "https://blackyakadventure.com/wordpress/wp-admin/post.php?post=2&action=edit" "Mozilla/5.0 (Windows NT 10.0; Win64; x64) AppleWebKit/537.36 (KHTML, like Gecko) Chrome/144.0.0.0 Safari/537.36"
202.47.35.159 - - [25/Jan/2026:16:16:46 +0000] "POST /wordpress/wp-admin/post.php?post=2&action=edit&meta-box-loader=1&meta-box-loader-nonce=e71b760c36&_locale=user HTTP/2" 302 0 "https://blackyakadventure.com/wordpress/wp-admin/post.php?post=2&action=edit" "Mozilla/5.0 (Windows NT 10.0; Win64; x64) AppleWebKit/537.36 (KHTML, like Gecko) Chrome/144.0.0.0 Safari/537.36"
202.47.35.159 - - [25/Jan/2026:16:16:46 +0000] "GET /wordpress/wp-admin/post.php?post=2&action=edit&message=4 HTTP/2" 200 78811 "https://blackyakadventure.com/wordpress/wp-admin/post.php?post=2&action=edit" "Mozilla/5.0 (Windows NT 10.0; Win64; x64) AppleWebKit/537.36 (KHTML, like Gecko) Chrome/144.0.0.0 Safari/537.36"
202.47.35.159 - - [25/Jan/2026:16:16:47 +0000] "GET /wordpress/index.php/sample-page/ HTTP/2" 200 12400 "https://blackyakadventure.com/wordpress/wp-admin/post.php?post=2&action=edit" "Mozilla/5.0 (Windows NT 10.0; Win64; x64) AppleWebKit/537.36 (KHTML, like Gecko) Chrome/144.0.0.0 Safari/537.36"
202.47.35.159 - - [25/Jan/2026:16:16:56 +0000] "POST /wordpress/wp-admin/admin-ajax.php HTTP/2" 200 79 "https://blackyakadventure.com/wordpress/wp-admin/post.php?post=2&action=edit" "Mozilla/5.0 (Windows NT 10.0; Win64; x64) AppleWebKit/537.36 (KHTML, like Gecko) Chrome/144.0.0.0 Safari/537.36"
202.47.35.159 - - [25/Jan/2026:16:17:07 +0000] "GET /wordpress/ HTTP/2" 200 13196 "-" "Mozilla/5.0 (Windows NT 10.0; Win64; x64) AppleWebKit/537.36 (KHTML, like Gecko) Chrome/144.0.0.0 Safari/537.36"
202.47.35.159 - - [25/Jan/2026:16:17:13 +0000] "POST /wordpress/wp-admin/admin-ajax.php HTTP/2" 200 79 "https://blackyakadventure.com/wordpress/wp-admin/post.php?post=2&action=edit" "Mozilla/5.0 (Windows NT 10.0; Win64; x64) AppleWebKit/537.36 (KHTML, like Gecko) Chrome/144.0.0.0 Safari/537.36"
202.47.35.159 - - [25/Jan/2026:16:17:17 +0000] "GET /wordpress/index.php/wp-json/wp/v2/templates?context=edit&_locale=user HTTP/2" 200 6 "https://blackyakadventure.com/wordpress/wp-admin/post.php?post=2&action=edit" "Mozilla/5.0 (Windows NT 10.0; Win64; x64) AppleWebKit/537.36 (KHTML, like Gecko) Chrome/144.0.0.0 Safari/537.36"
202.47.35.159 - - [25/Jan/2026:16:17:23 +0000] "POST /wordpress/wp-admin/admin-ajax.php HTTP/2" 200 79 "https://blackyakadventure.com/wordpress/wp-admin/post.php?post=2&action=edit" "Mozilla/5.0 (Windows NT 10.0; Win64; x64) AppleWebKit/537.36 (KHTML, like Gecko) Chrome/144.0.0.0 Safari/537.36"
202.47.35.159 - - [25/Jan/2026:16:17:24 +0000] "POST /wordpress/wp-admin/admin-ajax.php HTTP/2" 200 5 "https://blackyakadventure.com/wordpress/wp-admin/post.php?post=2&action=edit" "Mozilla/5.0 (Windows NT 10.0; Win64; x64) AppleWebKit/537.36 (KHTML, like Gecko) Chrome/144.0.0.0 Safari/537.36"
202.47.35.159 - - [25/Jan/2026:16:17:24 +0000] "GET /wordpress/wp-admin/edit.php?post_type=page HTTP/2" 200 21390 "https://blackyakadventure.com/wordpress/wp-admin/edit.php" "Mozilla/5.0 (Windows NT 10.0; Win64; x64) AppleWebKit/537.36 (KHTML, like Gecko) Chrome/144.0.0.0 Safari/537.36"
202.47.35.159 - - [25/Jan/2026:16:17:25 +0000] "POST /wordpress/wp-admin/admin-ajax.php HTTP/2" 200 51 "https://blackyakadventure.com/wordpress/wp-admin/edit.php?post_type=page" "Mozilla/5.0 (Windows NT 10.0; Win64; x64) AppleWebKit/537.36 (KHTML, like Gecko) Chrome/144.0.0.0 Safari/537.36"
202.47.35.159 - - [25/Jan/2026:16:17:32 +0000] "GET /wordpress/wp-admin/index.php HTTP/2" 200 28203 "https://blackyakadventure.com/wordpress/wp-admin/edit.php?post_type=page" "Mozilla/5.0 (Windows NT 10.0; Win64; x64) AppleWebKit/537.36 (KHTML, like Gecko) Chrome/144.0.0.0 Safari/537.36"
202.47.35.159 - - [25/Jan/2026:16:17:32 +0000] "GET /wordpress/wp-content/plugins/wordpress-seo/js/dist/admin-global.js?ver=afea66380308b381a3e4 HTTP/2" 304 0 "https://blackyakadventure.com/wordpress/wp-admin/index.php" "Mozilla/5.0 (Windows NT 10.0; Win64; x64) AppleWebKit/537.36 (KHTML, like Gecko) Chrome/144.0.0.0 Safari/537.36"
202.47.35.159 - - [25/Jan/2026:16:17:32 +0000] "GET /wordpress/wp-content/plugins/limit-login-attempts-reloaded/assets/js/chart.umd.js?ver=6.9 HTTP/2" 304 0 "https://blackyakadventure.com/wordpress/wp-admin/index.php" "Mozilla/5.0 (Windows NT 10.0; Win64; x64) AppleWebKit/537.36 (KHTML, like Gecko) Chrome/144.0.0.0 Safari/537.36"
202.47.35.159 - - [25/Jan/2026:16:17:32 +0000] "GET /wordpress/wp-content/plugins/wp-super-cache/inc/delete-cache-button.js?ver=1.0 HTTP/2" 304 0 "https://blackyakadventure.com/wordpress/wp-admin/index.php" "Mozilla/5.0 (Windows NT 10.0; Win64; x64) AppleWebKit/537.36 (KHTML, like Gecko) Chrome/144.0.0.0 Safari/537.36"
202.47.35.159 - - [25/Jan/2026:16:17:32 +0000] "GET /wordpress/wp-content/plugins/wordpress-seo/js/dist/externals/propTypes.js?ver=4c546a0c9e97b70d3fe0 HTTP/2" 304 0 "https://blackyakadventure.com/wordpress/wp-admin/index.php" "Mozilla/5.0 (Windows NT 10.0; Win64; x64) AppleWebKit/537.36 (KHTML, like Gecko) Chrome/144.0.0.0 Safari/537.36"
202.47.35.159 - - [25/Jan/2026:16:17:32 +0000] "GET /wordpress/wp-content/plugins/wordpress-seo/js/dist/externals/styledComponents.js?ver=3c7b466139e7508cd799 HTTP/2" 304 0 "https://blackyakadventure.com/wordpress/wp-admin/index.php" "Mozilla/5.0 (Windows NT 10.0; Win64; x64) AppleWebKit/537.36 (KHTML, like Gecko) Chrome/144.0.0.0 Safari/537.36"
202.47.35.159 - - [25/Jan/2026:16:17:32 +0000] "GET /wordpress/wp-content/plugins/wordpress-seo/js/dist/externals/helpers.js?ver=e7a33d29c6f511c40828 HTTP/2" 304 0 "https://blackyakadventure.com/wordpress/wp-admin/index.php" "Mozilla/5.0 (Windows NT 10.0; Win64; x64) AppleWebKit/537.36 (KHTML, like Gecko) Chrome/144.0.0.0 Safari/537.36"
202.47.35.159 - - [25/Jan/2026:16:17:32 +0000] "GET /wordpress/wp-content/plugins/wordpress-seo/js/dist/externals/styleGuide.js?ver=a65ddb8de826da5fea4d HTTP/2" 304 0 "https://blackyakadventure.com/wordpress/wp-admin/index.php" "Mozilla/5.0 (Windows NT 10.0; Win64; x64) AppleWebKit/537.36 (KHTML, like Gecko) Chrome/144.0.0.0 Safari/537.36"
202.47.35.159 - - [25/Jan/2026:16:17:32 +0000] "GET /wordpress/wp-content/plugins/wordpress-seo/js/dist/externals/componentsNew.js?ver=f6dde93d372aaa6034b8 HTTP/2" 304 0 "https://blackyakadventure.com/wordpress/wp-admin/index.php" "Mozilla/5.0 (Windows NT 10.0; Win64; x64) AppleWebKit/537.36 (KHTML, like Gecko) Chrome/144.0.0.0 Safari/537.36"
202.47.35.159 - - [25/Jan/2026:16:17:32 +0000] "GET /wordpress/wp-content/plugins/wordpress-seo/js/dist/externals/analysisReport.js?ver=34eef771ba6c89d4477c HTTP/2" 304 0 "https://blackyakadventure.com/wordpress/wp-admin/index.php" "Mozilla/5.0 (Windows NT 10.0; Win64; x64) AppleWebKit/537.36 (KHTML, like Gecko) Chrome/144.0.0.0 Safari/537.36"
202.47.35.159 - - [25/Jan/2026:16:17:32 +0000] "GET /wordpress/wp-content/plugins/wordpress-seo/js/dist/api-client.js?ver=f56d7de163fa219c67e2 HTTP/2" 304 0 "https://blackyakadventure.com/wordpress/wp-admin/index.php" "Mozilla/5.0 (Windows NT 10.0; Win64; x64) AppleWebKit/537.36 (KHTML, like Gecko) Chrome/144.0.0.0 Safari/537.36"
202.47.35.159 - - [25/Jan/2026:16:17:32 +0000] "GET /wordpress/wp-content/plugins/wordpress-seo/js/dist/dashboard-widget.js?ver=751474c1233a3eb40fcd HTTP/2" 304 0 "https://blackyakadventure.com/wordpress/wp-admin/index.php" "Mozilla/5.0 (Windows NT 10.0; Win64; x64) AppleWebKit/537.36 (KHTML, like Gecko) Chrome/144.0.0.0 Safari/537.36"
202.47.35.159 - - [25/Jan/2026:16:17:32 +0000] "GET /wordpress/wp-content/plugins/wordpress-seo/js/dist/wincher-dashboard-widget.js?ver=63d0a790229681c72b7e HTTP/2" 304 0 "https://blackyakadventure.com/wordpress/wp-admin/index.php" "Mozilla/5.0 (Windows NT 10.0; Win64; x64) AppleWebKit/537.36 (KHTML, like Gecko) Chrome/144.0.0.0 Safari/537.36"
202.47.35.159 - - [25/Jan/2026:16:17:33 +0000] "GET /wordpress/index.php/wp-json/yoast/v1/statistics HTTP/2" 200 256 "https://blackyakadventure.com/wordpress/wp-admin/index.php" "Mozilla/5.0 (Windows NT 10.0; Win64; x64) AppleWebKit/537.36 (KHTML, like Gecko) Chrome/144.0.0.0 Safari/537.36"
202.47.35.159 - - [25/Jan/2026:16:17:43 +0000] "GET /wordpress/wp-admin/post.php?post=1&action=edit HTTP/2" 200 79917 "https://blackyakadventure.com/wordpress/wp-admin/index.php" "Mozilla/5.0 (Windows NT 10.0; Win64; x64) AppleWebKit/537.36 (KHTML, like Gecko) Chrome/144.0.0.0 Safari/537.36"
202.47.35.159 - - [25/Jan/2026:16:17:44 +0000] "GET /wordpress/wp-content/plugins/wordpress-seo/js/dist/externals/featureFlag.js?ver=91e54e3dd01f59a724ae HTTP/2" 304 0 "https://blackyakadventure.com/wordpress/wp-admin/post.php?post=1&action=edit" "Mozilla/5.0 (Windows NT 10.0; Win64; x64) AppleWebKit/537.36 (KHTML, like Gecko) Chrome/144.0.0.0 Safari/537.36"
202.47.35.159 - - [25/Jan/2026:16:17:44 +0000] "GET /wordpress/wp-content/plugins/wordpress-seo/js/dist/externals/analysis.js?ver=7b795b9accdd6056b623 HTTP/2" 304 0 "https://blackyakadventure.com/wordpress/wp-admin/post.php?post=1&action=edit" "Mozilla/5.0 (Windows NT 10.0; Win64; x64) AppleWebKit/537.36 (KHTML, like Gecko) Chrome/144.0.0.0 Safari/537.36"
202.47.35.159 - - [25/Jan/2026:16:17:44 +0000] "GET /wordpress/wp-content/plugins/wordpress-seo/js/dist/externals/redux.js?ver=8ab8b1816693779c7200 HTTP/2" 304 0 "https://blackyakadventure.com/wordpress/wp-admin/post.php?post=1&action=edit" "Mozilla/5.0 (Windows NT 10.0; Win64; x64) AppleWebKit/537.36 (KHTML, like Gecko) Chrome/144.0.0.0 Safari/537.36"
202.47.35.159 - - [25/Jan/2026:16:17:44 +0000] "GET /wordpress/wp-content/plugins/wordpress-seo/js/dist/externals/reduxJsToolkit.js?ver=425acbd30b98c737df6e HTTP/2" 304 0 "https://blackyakadventure.com/wordpress/wp-admin/post.php?post=1&action=edit" "Mozilla/5.0 (Windows NT 10.0; Win64; x64) AppleWebKit/537.36 (KHTML, like Gecko) Chrome/144.0.0.0 Safari/537.36"
202.47.35.159 - - [25/Jan/2026:16:17:44 +0000] "GET /wordpress/wp-content/plugins/wordpress-seo/js/dist/externals-redux.js?ver=809aa5d7a12177840a30 HTTP/2" 304 0 "https://blackyakadventure.com/wordpress/wp-admin/post.php?post=1&action=edit" "Mozilla/5.0 (Windows NT 10.0; Win64; x64) AppleWebKit/537.36 (KHTML, like Gecko) Chrome/144.0.0.0 Safari/537.36"
202.47.35.159 - - [25/Jan/2026:16:17:44 +0000] "GET /wordpress/wp-content/plugins/wordpress-seo/js/dist/externals/chart.js.js?ver=196fb6740f0ef8ce192a HTTP/2" 304 0 "https://blackyakadventure.com/wordpress/wp-admin/post.php?post=1&action=edit" "Mozilla/5.0 (Windows NT 10.0; Win64; x64) AppleWebKit/537.36 (KHTML, like Gecko) Chrome/144.0.0.0 Safari/537.36"
202.47.35.159 - - [25/Jan/2026:16:17:44 +0000] "GET /wordpress/wp-content/plugins/wordpress-seo/js/dist/externals/draftJs.js?ver=1b760d06a7feabe5d9ae HTTP/2" 304 0 "https://blackyakadventure.com/wordpress/wp-admin/post.php?post=1&action=edit" "Mozilla/5.0 (Windows NT 10.0; Win64; x64) AppleWebKit/537.36 (KHTML, like Gecko) Chrome/144.0.0.0 Safari/537.36"
202.47.35.159 - - [25/Jan/2026:16:17:44 +0000] "GET /wordpress/wp-content/plugins/wordpress-seo/js/dist/externals/uiLibrary.js?ver=2afdd584e37b335201c6 HTTP/2" 304 0 "https://blackyakadventure.com/wordpress/wp-admin/post.php?post=1&action=edit" "Mozilla/5.0 (Windows NT 10.0; Win64; x64) AppleWebKit/537.36 (KHTML, like Gecko) Chrome/144.0.0.0 Safari/537.36"
202.47.35.159 - - [25/Jan/2026:16:17:44 +0000] "GET /wordpress/wp-content/plugins/wordpress-seo/js/dist/externals/replacementVariableEditor.js?ver=8c4464ab4e3fb07c65c4 HTTP/2" 304 0 "https://blackyakadventure.com/wordpress/wp-admin/post.php?post=1&action=edit" "Mozilla/5.0 (Windows NT 10.0; Win64; x64) AppleWebKit/537.36 (KHTML, like Gecko) Chrome/144.0.0.0 Safari/537.36"
202.47.35.159 - - [25/Jan/2026:16:17:44 +0000] "GET /wordpress/wp-content/plugins/wordpress-seo/js/dist/languages/en.js?ver=53ed833111ad00b16c23 HTTP/2" 304 0 "https://blackyakadventure.com/wordpress/wp-admin/post.php?post=1&action=edit" "Mozilla/5.0 (Windows NT 10.0; Win64; x64) AppleWebKit/537.36 (KHTML, like Gecko) Chrome/144.0.0.0 Safari/537.36"
202.47.35.159 - - [25/Jan/2026:16:17:44 +0000] "GET /wordpress/wp-content/plugins/wordpress-seo/js/dist/externals/searchMetadataPreviews.js?ver=02e3122514695ec0eb75 HTTP/2" 304 0 "https://blackyakadventure.com/wordpress/wp-admin/post.php?post=1&action=edit" "Mozilla/5.0 (Windows NT 10.0; Win64; x64) AppleWebKit/537.36 (KHTML, like Gecko) Chrome/144.0.0.0 Safari/537.36"
202.47.35.159 - - [25/Jan/2026:16:17:44 +0000] "GET /wordpress/wp-content/plugins/wordpress-seo/js/dist/externals/socialMetadataForms.js?ver=8296871b8f7a3fa79432 HTTP/2" 304 0 "https://blackyakadventure.com/wordpress/wp-admin/post.php?post=1&action=edit" "Mozilla/5.0 (Windows NT 10.0; Win64; x64) AppleWebKit/537.36 (KHTML, like Gecko) Chrome/144.0.0.0 Safari/537.36"
202.47.35.159 - - [25/Jan/2026:16:17:44 +0000] "GET /wordpress/wp-content/plugins/wordpress-seo/js/dist/externals/aiFrontend.js?ver=54e0143a143201deaff6 HTTP/2" 304 0 "https://blackyakadventure.com/wordpress/wp-admin/post.php?post=1&action=edit" "Mozilla/5.0 (Windows NT 10.0; Win64; x64) AppleWebKit/537.36 (KHTML, like Gecko) Chrome/144.0.0.0 Safari/537.36"
202.47.35.159 - - [25/Jan/2026:16:17:44 +0000] "GET /wordpress/wp-content/plugins/wordpress-seo/js/dist/externals-contexts.js?ver=300c2a3875f94498e3af HTTP/2" 304 0 "https://blackyakadventure.com/wordpress/wp-admin/post.php?post=1&action=edit" "Mozilla/5.0 (Windows NT 10.0; Win64; x64) AppleWebKit/537.36 (KHTML, like Gecko) Chrome/144.0.0.0 Safari/537.36"
202.47.35.159 - - [25/Jan/2026:16:17:44 +0000] "GET /wordpress/wp-content/plugins/wordpress-seo/js/dist/externals/reactHelmet.js?ver=b7d9f84f1dc499388f58 HTTP/2" 304 0 "https://blackyakadventure.com/wordpress/wp-admin/post.php?post=1&action=edit" "Mozilla/5.0 (Windows NT 10.0; Win64; x64) AppleWebKit/537.36 (KHTML, like Gecko) Chrome/144.0.0.0 Safari/537.36"
202.47.35.159 - - [25/Jan/2026:16:17:44 +0000] "GET /wordpress/wp-content/plugins/wordpress-seo/js/dist/externals/relatedKeyphraseSuggestions.js?ver=fdc1373f29a738be47d8 HTTP/2" 304 0 "https://blackyakadventure.com/wordpress/wp-admin/post.php?post=1&action=edit" "Mozilla/5.0 (Windows NT 10.0; Win64; x64) AppleWebKit/537.36 (KHTML, like Gecko) Chrome/144.0.0.0 Safari/537.36"
202.47.35.159 - - [25/Jan/2026:16:17:44 +0000] "GET /wordpress/wp-content/plugins/wordpress-seo/js/dist/externals-components.js?ver=0c2594fa14ead3c6572d HTTP/2" 304 0 "https://blackyakadventure.com/wordpress/wp-admin/post.php?post=1&action=edit" "Mozilla/5.0 (Windows NT 10.0; Win64; x64) AppleWebKit/537.36 (KHTML, like Gecko) Chrome/144.0.0.0 Safari/537.36"
202.47.35.159 - - [25/Jan/2026:16:17:44 +0000] "GET /wordpress/wp-content/plugins/wordpress-seo/js/dist/block-editor.js?ver=9d67ccd7ac9cfe7d4bb6 HTTP/2" 304 0 "https://blackyakadventure.com/wordpress/wp-admin/post.php?post=1&action=edit" "Mozilla/5.0 (Windows NT 10.0; Win64; x64) AppleWebKit/537.36 (KHTML, like Gecko) Chrome/144.0.0.0 Safari/537.36"
202.47.35.159 - - [25/Jan/2026:16:17:44 +0000] "GET /wordpress/wp-content/plugins/wordpress-seo/js/dist/post-edit.js?ver=4707f2a9996135159c93 HTTP/2" 304 0 "https://blackyakadventure.com/wordpress/wp-admin/post.php?post=1&action=edit" "Mozilla/5.0 (Windows NT 10.0; Win64; x64) AppleWebKit/537.36 (KHTML, like Gecko) Chrome/144.0.0.0 Safari/537.36"
202.47.35.159 - - [25/Jan/2026:16:17:44 +0000] "GET /wordpress/wp-content/plugins/wordpress-seo/js/dist/ai-generator.js?ver=c27ff0c4e578d6a6ef48 HTTP/2" 304 0 "https://blackyakadventure.com/wordpress/wp-admin/post.php?post=1&action=edit" "Mozilla/5.0 (Windows NT 10.0; Win64; x64) AppleWebKit/537.36 (KHTML, like Gecko) Chrome/144.0.0.0 Safari/537.36"
202.47.35.159 - - [25/Jan/2026:16:17:44 +0000] "GET /wordpress/wp-content/plugins/wordpress-seo/js/dist/analysis-worker.js?ver=aa04978fbd423b404462 HTTP/2" 304 0 "https://blackyakadventure.com/wordpress/wp-admin/post.php?post=1&action=edit" "Mozilla/5.0 (Windows NT 10.0; Win64; x64) AppleWebKit/537.36 (KHTML, like Gecko) Chrome/144.0.0.0 Safari/537.36"
202.47.35.159 - - [25/Jan/2026:16:17:45 +0000] "GET /wordpress/index.php/wp-json/wp/v2/templates/lookup?slug=front-page&_locale=user HTTP/2" 200 6 "https://blackyakadventure.com/wordpress/wp-admin/post.php?post=1&action=edit" "Mozilla/5.0 (Windows NT 10.0; Win64; x64) AppleWebKit/537.36 (KHTML, like Gecko) Chrome/144.0.0.0 Safari/537.36"
202.47.35.159 - - [25/Jan/2026:16:17:45 +0000] "OPTIONS /wordpress/index.php/wp-json/wp/v2/settings?_locale=user HTTP/2" 200 1100 "https://blackyakadventure.com/wordpress/wp-admin/post.php?post=1&action=edit" "Mozilla/5.0 (Windows NT 10.0; Win64; x64) AppleWebKit/537.36 (KHTML, like Gecko) Chrome/144.0.0.0 Safari/537.36"
202.47.35.159 - - [25/Jan/2026:16:17:45 +0000] "GET /wordpress/index.php/wp-json/wp/v2/blocks?context=edit&per_page=100&page=1&_locale=user HTTP/2" 200 6 "https://blackyakadventure.com/wordpress/wp-admin/post.php?post=1&action=edit" "Mozilla/5.0 (Windows NT 10.0; Win64; x64) AppleWebKit/537.36 (KHTML, like Gecko) Chrome/144.0.0.0 Safari/537.36"
202.47.35.159 - - [25/Jan/2026:16:17:45 +0000] "GET /wordpress/index.php/wp-json/wp/v2/comments?context=edit&post=1&type=note&status=all&per_page=100&_locale=user HTTP/2" 200 6 "https://blackyakadventure.com/wordpress/wp-admin/post.php?post=1&action=edit" "Mozilla/5.0 (Windows NT 10.0; Win64; x64) AppleWebKit/537.36 (KHTML, like Gecko) Chrome/144.0.0.0 Safari/537.36"
202.47.35.159 - - [25/Jan/2026:16:17:45 +0000] "GET /wordpress/index.php/wp-json/wp/v2/users/1?context=view&_fields=id%2Cname&_locale=user HTTP/2" 200 27 "https://blackyakadventure.com/wordpress/wp-admin/post.php?post=1&action=edit" "Mozilla/5.0 (Windows NT 10.0; Win64; x64) AppleWebKit/537.36 (KHTML, like Gecko) Chrome/144.0.0.0 Safari/537.36"
202.47.35.159 - - [25/Jan/2026:16:17:45 +0000] "GET /wordpress/index.php/wp-json/wp/v2/taxonomies?context=edit&per_page=100&_locale=user HTTP/2" 200 1450 "https://blackyakadventure.com/wordpress/wp-admin/post.php?post=1&action=edit" "Mozilla/5.0 (Windows NT 10.0; Win64; x64) AppleWebKit/537.36 (KHTML, like Gecko) Chrome/144.0.0.0 Safari/537.36"
202.47.35.159 - - [25/Jan/2026:16:17:45 +0000] "OPTIONS /wordpress/index.php/wp-json/wp/v2/posts?_locale=user HTTP/2" 200 2698 "https://blackyakadventure.com/wordpress/wp-admin/post.php?post=1&action=edit" "Mozilla/5.0 (Windows NT 10.0; Win64; x64) AppleWebKit/537.36 (KHTML, like Gecko) Chrome/144.0.0.0 Safari/537.36"
202.47.35.159 - - [25/Jan/2026:16:17:45 +0000] "GET /wordpress/index.php/wp-json/wp/v2/wp_pattern_category?context=view&per_page=100&_fields=id%2Cname%2Cdescription%2Cslug&_locale=user HTTP/2" 200 6 "https://blackyakadventure.com/wordpress/wp-admin/post.php?post=1&action=edit" "Mozilla/5.0 (Windows NT 10.0; Win64; x64) AppleWebKit/537.36 (KHTML, like Gecko) Chrome/144.0.0.0 Safari/537.36"
202.47.35.159 - - [25/Jan/2026:16:17:45 +0000] "GET /wordpress/wp-content/plugins/wordpress-seo/js/dist/used-keywords-assessment.js?ver=f2d934f4e70fdace40fc HTTP/2" 304 0 "https://blackyakadventure.com/wordpress/wp-content/plugins/wordpress-seo/js/dist/analysis-worker.js?ver=aa04978fbd423b404462" "Mozilla/5.0 (Windows NT 10.0; Win64; x64) AppleWebKit/537.36 (KHTML, like Gecko) Chrome/144.0.0.0 Safari/537.36"
202.47.35.159 - - [25/Jan/2026:16:17:54 +0000] "GET /wordpress/index.php/wp-json/wp/v2/categories?context=view&per_page=100&orderby=name&order=asc&_fields=id%2Cname%2Cparent&page=1&_locale=user HTTP/2" 200 47 "https://blackyakadventure.com/wordpress/wp-admin/post.php?post=1&action=edit" "Mozilla/5.0 (Windows NT 10.0; Win64; x64) AppleWebKit/537.36 (KHTML, like Gecko) Chrome/144.0.0.0 Safari/537.36"
202.47.35.159 - - [25/Jan/2026:16:17:54 +0000] "GET /wordpress/index.php/wp-json/wp/v2/categories?per_page=100&orderby=count&order=desc&_fields=id%2Cname&_locale=user HTTP/2" 200 37 "https://blackyakadventure.com/wordpress/wp-admin/post.php?post=1&action=edit" "Mozilla/5.0 (Windows NT 10.0; Win64; x64) AppleWebKit/537.36 (KHTML, like Gecko) Chrome/144.0.0.0 Safari/537.36"
